te x(-7).
-22
Let u(r) = -4*r**2 + 4*r + 229. Give u(8).
5
Let v(g) = 34*g - 10. Calculate v(1).
24
Let b(h) = -2*h**2 + 33*h - 140. What is b(15)?
-95
Let h(d) = d**3 - 26*d**2 + 4*d + 95. What is h(26)?
199
Let k(s) = 14*s + 122. What is k(-9)?
-4
Let q(c) = 57*c + 373. Calculate q(-7).
-26
Let a(u) = 71*u + 1149. Give a(-17).
-58
Let g(f) = 9*f**3 - 5*f**2 + 10*f + 16. Give g(-2).
-96
Let c(u) = -997*u - 10970. What is c(-11)?
-3
Let v(g) = g**2 - 74*g - 229. Determine v(77).
2
Let z(y) = -3*y**2 + 7*y - 45. Give z(4).
-65
Let x(a) = -23*a**2 + 3*a - 22. Give x(3).
-220
Let y(c) = c**3 - 6*c**2 - 61*c + 137. Give y(11).
71
Let g(w) = -1380*w - 23458. Determine g(-17).
2
Let l(c) = 58*c**2 - 1974*c + 78. Determine l(34).
10
Let p(i) = -16*i + 180. What is p(22)?
-172
Let z(p) = -p**3 - 41*p**2 - 80*p - 84. Give z(-39).
-6
Let r(x) = x**3 + 27*x**2 + 7*x + 163. Give r(-27).
-26
Let j(w) = 12*w**2 + 153*w - 312. Calculate j(2).
42
Let r(c) = c**3 - 2*c**2 - 66*c - 9. Determine r(-7).
12
Let t(x) = -5*x**2 + 892*x - 893. What is t(1)?
-6
Let m(p) = -13*p**3. Determine m(-1).
13
Let w(m) = -73*m - 1518. Determine w(-21).
15
Let z(h) = 6*h + 43. What is z(-1)?
37
Let a(w) = -w**2 + 138*w - 3293. Calculate a(31).
24
Let q(s) = -75*s**2 - 32*s + 7. Give q(-3).
-572
Let y(o) = o**3 + 16*o**2 + 28*o + 17. Determine y(-14).
17
Let u(i) = i**3 + 38*i**2 + 85*i - 680. Give u(-35).
20
Let v(p) = -6*p - 96. Calculate v(-17).
6
Let c(r) = -r**3 + 3*r**2 + 23*r + 34. Give c(-2).
8
Let m(t) = -t**2 + 139*t + 1802. Determine m(-12).
-10
Let t(i) = -4*i**2 + 43*i - 21. Calculate t(7).
84
Let h(y) = y**3 - y**2 - 4*y - 874. Calculate h(0).
-874
Let j(l) = 95*l - 2739. Give j(29).
16
Let v(b) = 7*b**2 + 79*b + 143. Give v(-9).
-1
Let u(x) = -x**3 - 11*x**2 + 30*x + 39. What is u(-13)?
-13
Let w(t) = t**3 + 5*t**2 - 233*t - 19. Determine w(13).
-6
Let w(d) = 63*d + 472. Give w(-7).
31
Let y(r) = -19*r**2 - 208*r - 18. Calculate y(-11).
-29
Let v(b) = 3*b**2 + 55*b + 10. What is v(-18)?
-8
Let u(y) = -8*y**3 + 312*y**2 - 7*y + 240. Calculate u(39).
-33
Let m(p) = 3*p**2 - p - 58. What is m(6)?
44
Let y(d) = 105*d - 2089. What is y(20)?
11
Let c(p) = p**3 + 25*p**2 + 136*p. Calculate c(-17).
0
Let v(k) = -k**2 + 28*k + 346. Determine v(-15).
-299
Let u(l) = 56*l**2 + 47*l - 118. Determine u(-2).
12
Let i(b) = b**3 - 6*b**2 - 6*b + 23. What is i(6)?
-13
Let z(f) = -f**2 + 43*f - 53. What is z(29)?
353
Let l(b) = b**2 + 43*b + 187. Determine l(-6).
-35
Let n(g) = g**3 + 36*g**2 - 157*g - 1563. Determine n(-39).
-3
Let p(d) = 4*d**2 + 114*d + 53. Determine p(-28).
-3
Let o(b) = -b**3 - 74*b**2 + 240*b + 679. What is o(-77)?
-14
Let q(n) = 101*n - 410. Calculate q(4).
-6
Let u(a) = -3*a**2 - 157*a - 867. Calculate u(-6).
-33
Let v(b) = b**3 - 47*b**2 - 77*b - 969. Determine v(49).
60
Let f(h) = -h**2 + 93*h - 1797. Calculate f(72).
-285
Let x(j) = 2*j**3 - 19*j**2 + 12*j - 20. What is x(8)?
-116
Let v(r) = 2*r**2 + 346*r - 56846. Give v(103).
10
Let n(p) = -2*p**2 + 212*p - 5587. What is n(49)?
-1
Let l(m) = -151*m + 3231. Determine l(22).
-91
Let n(h) = 8*h + 159. What is n(-9)?
87
Let z(h) = -41*h + 66. What is z(7)?
-221
Let v(q) = -q**3 + 10*q**2 + 20*q - 39. Give v(12).
-87
Let h(i) = -14*i + 9. What is h(-11)?
163
Let t(i) = -4*i + 56. What is t(15)?
-4
Let h(g) = 17*g + 16. Calculate h(-7).
-103
Let h(n) = -19*n - 106. Determine h(-7).
27
Let z(r) = -5*r**2 - 9*r - 13. Determine z(5).
-183
Let p(d) = 6*d**2 - 69*d + 26. What is p(11)?
-7
Let z(b) = -1489*b + 69984. Give z(47).
1
Let a(h) = h**3 - 45*h**2 - 622*h - 51. Calculate a(-11).
15
Let o(k) = 5252*k - 26241. Determine o(5).
19
Let f(m) = -2*m**3 - 8*m**2 - 48*m - 138. What is f(-3)?
-12
Let w(j) = j**2 - 28*j - 124. Calculate w(0).
-124
Let u(s) = -2*s**2 - 30*s - 69. What is u(-11)?
19
Let o(s) = -2*s**2 - 186*s - 1648. Give o(-10).
12
Let i(w) = 34*w - 1378. Determine i(42).
50
Let w(j) = -260*j - 2583. What is w(-10)?
17
Let q(w) = -w**3 + 45*w**2 + 752*w + 12. Calculate q(58).
-104
Let t(d) = -10*d**2 - 98*d - 77. Calculate t(-9).
-5
Let w(y) = y**2 - 75*y + 277. Determine w(72).
61
Let l(f) = -8*f**2 + 225*f - 61. Give l(28).
-33
Let b(k) = -70*k + 87. Calculate b(4).
-193
Let x(w) = 34*w - 114. What is x(-22)?
-862
Let y(a) = -a**2 - 192*a - 8523. Give y(-122).
17
Let l(h) = 24*h + 768. Give l(-32).
0
Let v(h) = -50*h - 811. What is v(-15)?
-61
Let i(f) = 5*f**2 + 7*f - 19. Calculate i(4).
89
Let g(s) = -95*s + 2087. Give g(22).
-3
Let t(k) = -k**3 - 10*k**2 + 5*k + 54. Calculate t(-5).
-96
Let i(q) = q**3 - 5*q**2 - 6*q - 164. Give i(8).
-20
Let b(k) = -6*k**3 - 20*k**2 - 9*k + 9. What is b(-2)?
-5
Let q(p) = 31*p**2 - 53*p + 250. Calculate q(4).
534
Let y(k) = -3*k**3 + 12*k**2 + 11*k - 48. Give y(3).
12
Let j(l) = -20*l**2 + 60*l + 35. Determine j(3).
35
Let a(j) = -j**3 + 14*j**2 + 3*j - 118. Determine a(13).
90
Let r(o) = 5*o**2 + 59*o - 10. What is r(-11)?
-54
Let q(t) = 8*t**2 - 83*t - 16. What is q(11)?
39
Let y(k) = -5*k + 160. What is y(33)?
-5
Let v(r) = -37*r - 1344. Calculate v(-33).
-123
Let p(k) = k**3 - 55*k**2 - 362*k - 213. Calculate p(61).
31
Let a(b) = -880*b + 46669. Determine a(53).
29
Let m(s) = 2*s**2 - 11*s - 9. What is m(7)?
12
Let n(z) = z**2 - 13*z - 123. What is n(18)?
-33
Let o(l) = -2*l**3 + 24*l**2 - 47*l - 36. What is o(11)?
-311
Let o(h) = h**3 + 5*h**2 - 12*h - 38. Determine o(-7).
-52
Let h(o) = -22*o**2 + 7*o - 10. Calculate h(1).
-25
Let u(p) = -p**2 + 15*p - 369. Give u(-11).
-655
Let p(l) = 202*l + 45. Determine p(1).
247
Let x(w) = -15*w + 233. What is x(-11)?
398
Let q(i) = -230*i - 718. Calculate q(-3).
-28
Let f(k) = -5*k**2 - 192*k - 1328. Calculate f(-9).
-5
Let x(y) = 157*y + 4091. Give x(-26).
9
Let x(h) = -h**3 + 13*h**2 + 129*h - 1698. Calculate x(12).
-6
Let b(t) = -t**3 + 7*t**2 - 18*t + 6. What is b(3)?
-12
Let k(g) = -g**2 + 2771*g - 38620. Determine k(14).
-22
Let o(p) = -71*p + 171. Give o(2).
29
Let d(u) = u**2 - 219*u - 4134. What is d(-17)?
-122
Let a(w) = 61*w**3 + 2*w**2 - 7*w - 9. Determine a(-1).
-61
Let z(v) = -5*v**2 - 505*v - 422. Determine z(-100).
78
Let f(j) = 6*j**2 + 929*j - 152. What is f(-155)?
3
Let q(s) = -s**3 + 2*s**2 - 134*s + 35. What is q(0)?
35
Let w(k) = -9*k - 83. What is w(-4)?
-47
Let y(c) = -833*c - 984. Calculate y(-1).
-151
Let d(v) = -v - 28. What is d(-15)?
-13
Let d(g) = -g**3 + 39*g**2 + 150*g + 947. Calculate d(43).
1
Let w(z) = 3*z**2 + 24*z + 25. Calculate w(-10).
85
Let y(n) = -21*n - 442. Calculate y(-21).
-1
Let w(b) = 40*b**2 + 193*b - 28. What is w(-5)?
7
Let x(t) = -2*t**2 - 36*t + 872. Give x(14).
-24
Let s(l) = l**3 - 16*l**2 + 30*l - 1. Give s(15).
224
Let p(f) = f**3 + 16*f**2 - 24*f + 40. What is p(-18)?
-176
Let p(m) = -5*m + 189. Give p(8).
149
Let s(q) = q**2 - 28*q - 235. Calculate s(-8).
53
Let m(c) = -c**2 - 27*c + 93. Determine m(-34).
-145
Let y(p) = 203*p**3 - 7*p + 6. Calculate y(1).
202
Let d(u) = -3*u + 63. Calculate d(-27).
144
Let b(h) = h**2 + 36*h + 47. Determine b(-27).
-196
Let r(c) = 14*c + 699. Give r(-48).
27
Let t(c) = 4*c - 134. Calculate t(60).
106
Let k(n) = 26*n**2 - 2*n - 7. Calculate k(-2).
101
Let f(v) = -v**3 - 321*v**2 - 7129*v - 24. Give f(-24).
0
Let p(s) = 2*s**3 + 108*s**2 + 105*s - 60. Determine p(-53).
-7
Let l(v) = -v**3 - 13*v**2 - 1520*v - 1506. What is l(-1)?
2
Let d(b) = -b**3 + 39*b**2 + b + 31. Calculate d(39).
70
Let k(f) = -f**3 - 34*f**2 - 39*f - 101. Determine k(-33).
97
Let b(p) = -p**3 - 92*p**2 - p + 55. Give b(-92).
147
Let h(l) = -5*l**2 + 3*l - 1. What is h(5)?
-111
Let m(v) = -v**3 - 132*v**2 - 83*v + 6341. Calculate m(-131).
53
Let r(d) = -d**3 + 8*d**2 - 20*d + 68. Determine r(6).
20
Let k(u) = -2*u**3 - 22*u**2 + 18. Determine k(-11).
18
Let f(x) = x**2 + 1175*x + 134023. Calculate f(-128).
7
Let s(f) = -8*f**3 - 61*f**2 + 44*f + 20. Determine s(1).
-5
Let l(f) = -2562*f + 30728. Give l(12).
-16
Let z(b) = -92*b - 1473. Calculate z(-16).
-1
Let c(l) = 2*l**3 - 6*l**2 - 36*l + 169. Give c(4).
57
Let a(w) = 2*w**3 + 35*w**2 + 27*w + 45. What is a(-17)?
-125
Let z(o) = o**2 - 31*o - 153. Determine z(-4).
-13
Let a(r) = -3*r**2 + 52*r - 237. Calculate a(5).
-52
Let w(u) = -22*u + 2. Calculate w(2).
-42
Let j(u) = 3*u + 40. What is j(4)?
